{"id":27,"date":"2017-02-12T09:20:55","date_gmt":"2017-02-12T09:20:55","guid":{"rendered":"http:\/\/www.kic-gospic.eu\/?page_id=27"},"modified":"2022-11-07T08:51:28","modified_gmt":"2022-11-07T08:51:28","slug":"konferencijska-dvorana","status":"publish","type":"page","link":"https:\/\/kic-gospic.eu\/novo\/najam-dvorana\/konferencijska-dvorana\/","title":{"rendered":"Konferencijska dvorana"},"content":{"rendered":"<p>U sklopu Kulturno Informativnog Centra Gospi\u0107, javne ustanove za kulturu na adresi Buda\u010dka 12, u Gospi\u0107u, nalazi se konferencijska dvorana sa 24 \u2013 33 sjede\u0107ih mjesta (na katu, soba br. 102), idealna za odr\u017eavanje tiskovnih konferencija, okruglih stolova, seminara, javnih diskusija i sl.<\/p>\n<p><strong>Multifunkcija i oprema dvorane:<\/strong><\/p>\n<p>Dvorana je opremljena tehni\u010dkim ure\u0111ajima i pomagalima za razli\u010dite\u00a0vrste evenata (doga\u0111anja):<\/p>\n<ul>\n<li>video projekcije<\/li>\n<li>promocije<\/li>\n<li>predavanja<\/li>\n<li>radionice<\/li>\n<li>te\u010dajevi<\/li>\n<li>prezentacije s va\u0161eg ili na\u0161eg ra\u010dunala<\/li>\n<li>tiskovne konferencije<\/li>\n<li>okrugli stolovi<\/li>\n<li>treninzi<\/li>\n<li>i sl.<\/li>\n<\/ul>\n<p><strong>Tehni\u010dka oprema dvorane:<\/strong><\/p>\n<ul>\n<li>ozvu\u010denje<\/li>\n<li>be\u017ei\u010dni mikrofon<\/li>\n<li>prijenosno ra\u010dunalo za sve vrste prezentacija<\/li>\n<li>videoprojektor<\/li>\n<li>cd player i dvd player<\/li>\n<\/ul>\n<p><strong>Cjenik najma dvorane:<\/strong><\/p>\n<p>1sat = 200,00 kn (26,54 eura)<\/p>\n<p>1sat kori\u0161tenja tehni\u010dke opreme = 40,00kn (5,31 eura)<\/p>\n<p>1 sat usluge tehni\u010dara = 50,00kn (6,64 eura)<\/p>\n<p>*U cijenu najma dvorane uklju\u010den je i \u201emini PR paket\u201c koji obuhva\u0107a: ogla\u0161avanje na KIC-ovoj web i facebook stranici, obavje\u0161tavanje medija, ogla\u0161avanje na oglasnom prostoru KIC-a.<\/p>\n<p>*\u0160estosatno i svako du\u017ee kori\u0161tenje 30% popusta po satu.<\/p>\n<p>*Subotom, nedjeljom i blagdanom cijena se uve\u0107ava za 20%.<\/p>\n<p>*Popusti kod vi\u0161ednevnog iznajmljivanja prostora mogu biti dogovoreni s organizatorom programa, a KIC zadr\u017eava diskrecijsko pravo neprihva\u0107anja pru\u017eanja usluga.<\/p>\n<p>*Oslobo\u0111eni PDV-a temeljem \u010dlanka 11. Zakona.<\/p>\n<p>*Konferencijska dvorana se mo\u017ee dati na kori\u0161tenje bez naknade po nalogu ravnatelja ako se koristi u promotivne ili humanitarne svrhe, te sadr\u017eaje od interesa Grada Gospi\u0107a ili Ustanove.<\/p>\n<p><strong><em>*fiksni te\u010daj konverzije: 1 euro = 7,53450 kn<\/em><\/strong><\/p>\n<p>&nbsp;<\/p>\n<div class=\"clear20\"><\/div><h4 class=\"naslov-galerija-post\"><i class=\"fa fa-camera\"><\/i> <strong>Fotogalerija<\/strong> <\/h4> \n<div id=\"containerdiary\" class=\"js-masonry\">\n<div class=\"itemdiary\">\n<a href=\"https:\/\/kic-gospic.eu\/novo\/wp-content\/uploads\/2017\/02\/konf2.jpg\" rel=\"27\"><img decoding=\"async\" src=\"https:\/\/kic-gospic.eu\/novo\/wp-content\/uploads\/2017\/02\/konf2-235x176.jpg\" alt=\"\"  class=\"img-responsive slikadiary\" \/><\/a>\n<\/div>\n<div class=\"itemdiary\">\n<a href=\"https:\/\/kic-gospic.eu\/novo\/wp-content\/uploads\/2017\/02\/konf3.jpg\" rel=\"27\"><img decoding=\"async\" src=\"https:\/\/kic-gospic.eu\/novo\/wp-content\/uploads\/2017\/02\/konf3-235x176.jpg\" alt=\"\"  class=\"img-responsive slikadiary\" \/><\/a>\n<\/div>\n<div class=\"itemdiary\">\n<a href=\"https:\/\/kic-gospic.eu\/novo\/wp-content\/uploads\/2017\/02\/konf1.jpg\" rel=\"27\"><img decoding=\"async\" src=\"https:\/\/kic-gospic.eu\/novo\/wp-content\/uploads\/2017\/02\/konf1-235x176.jpg\" alt=\"\"  class=\"img-responsive slikadiary\" \/><\/a>\n<\/div>\n<div class=\"itemdiary\">\n<a href=\"https:\/\/kic-gospic.eu\/novo\/wp-content\/uploads\/2017\/02\/konf4.jpg\" rel=\"27\"><img decoding=\"async\" src=\"https:\/\/kic-gospic.eu\/novo\/wp-content\/uploads\/2017\/02\/konf4-235x176.jpg\" alt=\"\"  class=\"img-responsive slikadiary\" \/><\/a>\n<\/div>\n<\/div><div class=\"clear30\">\n\n","protected":false},"excerpt":{"rendered":"<p>U sklopu Kulturno Informativnog Centra Gospi\u0107, javne ustanove za kulturu na adresi Buda\u010dka 12, u Gospi\u0107u, nalazi se konferencijska dvorana sa 24 \u2013 33 sjede\u0107ih mjesta (na katu, soba br. 102), idealna za odr\u017eavanje tiskovnih konferencija, okruglih stolova, seminara, javnih diskusija i sl. Multifunkcija i oprema dvorane: Dvorana je opremljena tehni\u010dkim ure\u0111ajima i pomagalima za [&hellip;]<\/p>\n","protected":false},"author":2,"featured_media":0,"parent":22,"menu_order":0,"comment_status":"closed","ping_status":"closed","template":"","meta":{"footnotes":""},"acf":[],"yoast_head":"<!-- This site is optimized with the Yoast SEO plugin v21.5 - https:\/\/yoast.com\/wordpress\/plugins\/seo\/ -->\n<title>Konferencijska dvorana | Cijena | Najam | Ponuda | Kulturno Informativni Centar Gospi\u0107<\/title>\n<meta name=\"robots\" content=\"index, follow, max-snippet:-1, max-image-preview:large, max-video-preview:-1\" \/>\n<link rel=\"canonical\" href=\"https:\/\/kic-gospic.eu\/novo\/najam-dvorana\/konferencijska-dvorana\/\" \/>\n<meta property=\"og:locale\" content=\"en_US\" \/>\n<meta property=\"og:type\" content=\"article\" \/>\n<meta property=\"og:title\" content=\"Konferencijska dvorana | Cijena | Najam | Ponuda | Kulturno Informativni Centar Gospi\u0107\" \/>\n<meta property=\"og:description\" content=\"U sklopu Kulturno Informativnog Centra Gospi\u0107, javne ustanove za kulturu na adresi Buda\u010dka 12, u Gospi\u0107u, nalazi se konferencijska dvorana sa 24 \u2013 33 sjede\u0107ih mjesta (na katu, soba br. 102), idealna za odr\u017eavanje tiskovnih konferencija, okruglih stolova, seminara, javnih diskusija i sl. Multifunkcija i oprema dvorane: Dvorana je opremljena tehni\u010dkim ure\u0111ajima i pomagalima za [&hellip;]\" \/>\n<meta property=\"og:url\" content=\"https:\/\/kic-gospic.eu\/novo\/najam-dvorana\/konferencijska-dvorana\/\" \/>\n<meta property=\"og:site_name\" content=\"Kulturno Informativni Centar Gospi\u0107\" \/>\n<meta property=\"article:publisher\" content=\"https:\/\/www.facebook.com\/kicgospic\/\" \/>\n<meta property=\"article:modified_time\" content=\"2022-11-07T08:51:28+00:00\" \/>\n<meta property=\"og:image\" content=\"https:\/\/kic-gospic.eu\/novo\/wp-content\/uploads\/2017\/02\/konf2-235x176.jpg\" \/>\n<meta name=\"twitter:card\" content=\"summary_large_image\" \/>\n<meta name=\"twitter:label1\" content=\"Est. reading time\" \/>\n\t<meta name=\"twitter:data1\" content=\"1 minute\" \/>\n<script type=\"application\/ld+json\" class=\"yoast-schema-graph\">{\"@context\":\"https:\/\/schema.org\",\"@graph\":[{\"@type\":\"WebPage\",\"@id\":\"https:\/\/kic-gospic.eu\/novo\/najam-dvorana\/konferencijska-dvorana\/\",\"url\":\"https:\/\/kic-gospic.eu\/novo\/najam-dvorana\/konferencijska-dvorana\/\",\"name\":\"Konferencijska dvorana | Cijena | Najam | Ponuda | Kulturno Informativni Centar Gospi\u0107\",\"isPartOf\":{\"@id\":\"https:\/\/kic-gospic.eu\/novo\/#website\"},\"datePublished\":\"2017-02-12T09:20:55+00:00\",\"dateModified\":\"2022-11-07T08:51:28+00:00\",\"breadcrumb\":{\"@id\":\"https:\/\/kic-gospic.eu\/novo\/najam-dvorana\/konferencijska-dvorana\/#breadcrumb\"},\"inLanguage\":\"en-US\",\"potentialAction\":[{\"@type\":\"ReadAction\",\"target\":[\"https:\/\/kic-gospic.eu\/novo\/najam-dvorana\/konferencijska-dvorana\/\"]}]},{\"@type\":\"BreadcrumbList\",\"@id\":\"https:\/\/kic-gospic.eu\/novo\/najam-dvorana\/konferencijska-dvorana\/#breadcrumb\",\"itemListElement\":[{\"@type\":\"ListItem\",\"position\":1,\"name\":\"Home\",\"item\":\"https:\/\/kic-gospic.eu\/novo\/\"},{\"@type\":\"ListItem\",\"position\":2,\"name\":\"Najam dvorana\",\"item\":\"https:\/\/kic-gospic.eu\/novo\/najam-dvorana\/\"},{\"@type\":\"ListItem\",\"position\":3,\"name\":\"Konferencijska dvorana\"}]},{\"@type\":\"WebSite\",\"@id\":\"https:\/\/kic-gospic.eu\/novo\/#website\",\"url\":\"https:\/\/kic-gospic.eu\/novo\/\",\"name\":\"Kulturno Informativni Centar Gospi\u0107\",\"description\":\"\",\"publisher\":{\"@id\":\"https:\/\/kic-gospic.eu\/novo\/#organization\"},\"potentialAction\":[{\"@type\":\"SearchAction\",\"target\":{\"@type\":\"EntryPoint\",\"urlTemplate\":\"https:\/\/kic-gospic.eu\/novo\/?s={search_term_string}\"},\"query-input\":\"required name=search_term_string\"}],\"inLanguage\":\"en-US\"},{\"@type\":\"Organization\",\"@id\":\"https:\/\/kic-gospic.eu\/novo\/#organization\",\"name\":\"Kulturno Informativni Centar\",\"url\":\"https:\/\/kic-gospic.eu\/novo\/\",\"logo\":{\"@type\":\"ImageObject\",\"inLanguage\":\"en-US\",\"@id\":\"https:\/\/kic-gospic.eu\/novo\/#\/schema\/logo\/image\/\",\"url\":\"http:\/\/www.kic-gospic.eu\/wp-content\/uploads\/2017\/02\/kic-gospic-logo.jpg\",\"contentUrl\":\"http:\/\/www.kic-gospic.eu\/wp-content\/uploads\/2017\/02\/kic-gospic-logo.jpg\",\"width\":150,\"height\":150,\"caption\":\"Kulturno Informativni Centar\"},\"image\":{\"@id\":\"https:\/\/kic-gospic.eu\/novo\/#\/schema\/logo\/image\/\"},\"sameAs\":[\"https:\/\/www.facebook.com\/kicgospic\/\"]}]}<\/script>\n<!-- \/ Yoast SEO plugin. -->","yoast_head_json":{"title":"Konferencijska dvorana | Cijena | Najam | Ponuda | Kulturno Informativni Centar Gospi\u0107","robots":{"index":"index","follow":"follow","max-snippet":"max-snippet:-1","max-image-preview":"max-image-preview:large","max-video-preview":"max-video-preview:-1"},"canonical":"https:\/\/kic-gospic.eu\/novo\/najam-dvorana\/konferencijska-dvorana\/","og_locale":"en_US","og_type":"article","og_title":"Konferencijska dvorana | Cijena | Najam | Ponuda | Kulturno Informativni Centar Gospi\u0107","og_description":"U sklopu Kulturno Informativnog Centra Gospi\u0107, javne ustanove za kulturu na adresi Buda\u010dka 12, u Gospi\u0107u, nalazi se konferencijska dvorana sa 24 \u2013 33 sjede\u0107ih mjesta (na katu, soba br. 102), idealna za odr\u017eavanje tiskovnih konferencija, okruglih stolova, seminara, javnih diskusija i sl. Multifunkcija i oprema dvorane: Dvorana je opremljena tehni\u010dkim ure\u0111ajima i pomagalima za [&hellip;]","og_url":"https:\/\/kic-gospic.eu\/novo\/najam-dvorana\/konferencijska-dvorana\/","og_site_name":"Kulturno Informativni Centar Gospi\u0107","article_publisher":"https:\/\/www.facebook.com\/kicgospic\/","article_modified_time":"2022-11-07T08:51:28+00:00","og_image":[{"url":"https:\/\/kic-gospic.eu\/novo\/wp-content\/uploads\/2017\/02\/konf2-235x176.jpg"}],"twitter_card":"summary_large_image","twitter_misc":{"Est. reading time":"1 minute"},"schema":{"@context":"https:\/\/schema.org","@graph":[{"@type":"WebPage","@id":"https:\/\/kic-gospic.eu\/novo\/najam-dvorana\/konferencijska-dvorana\/","url":"https:\/\/kic-gospic.eu\/novo\/najam-dvorana\/konferencijska-dvorana\/","name":"Konferencijska dvorana | Cijena | Najam | Ponuda | Kulturno Informativni Centar Gospi\u0107","isPartOf":{"@id":"https:\/\/kic-gospic.eu\/novo\/#website"},"datePublished":"2017-02-12T09:20:55+00:00","dateModified":"2022-11-07T08:51:28+00:00","breadcrumb":{"@id":"https:\/\/kic-gospic.eu\/novo\/najam-dvorana\/konferencijska-dvorana\/#breadcrumb"},"inLanguage":"en-US","potentialAction":[{"@type":"ReadAction","target":["https:\/\/kic-gospic.eu\/novo\/najam-dvorana\/konferencijska-dvorana\/"]}]},{"@type":"BreadcrumbList","@id":"https:\/\/kic-gospic.eu\/novo\/najam-dvorana\/konferencijska-dvorana\/#breadcrumb","itemListElement":[{"@type":"ListItem","position":1,"name":"Home","item":"https:\/\/kic-gospic.eu\/novo\/"},{"@type":"ListItem","position":2,"name":"Najam dvorana","item":"https:\/\/kic-gospic.eu\/novo\/najam-dvorana\/"},{"@type":"ListItem","position":3,"name":"Konferencijska dvorana"}]},{"@type":"WebSite","@id":"https:\/\/kic-gospic.eu\/novo\/#website","url":"https:\/\/kic-gospic.eu\/novo\/","name":"Kulturno Informativni Centar Gospi\u0107","description":"","publisher":{"@id":"https:\/\/kic-gospic.eu\/novo\/#organization"},"potentialAction":[{"@type":"SearchAction","target":{"@type":"EntryPoint","urlTemplate":"https:\/\/kic-gospic.eu\/novo\/?s={search_term_string}"},"query-input":"required name=search_term_string"}],"inLanguage":"en-US"},{"@type":"Organization","@id":"https:\/\/kic-gospic.eu\/novo\/#organization","name":"Kulturno Informativni Centar","url":"https:\/\/kic-gospic.eu\/novo\/","logo":{"@type":"ImageObject","inLanguage":"en-US","@id":"https:\/\/kic-gospic.eu\/novo\/#\/schema\/logo\/image\/","url":"http:\/\/www.kic-gospic.eu\/wp-content\/uploads\/2017\/02\/kic-gospic-logo.jpg","contentUrl":"http:\/\/www.kic-gospic.eu\/wp-content\/uploads\/2017\/02\/kic-gospic-logo.jpg","width":150,"height":150,"caption":"Kulturno Informativni Centar"},"image":{"@id":"https:\/\/kic-gospic.eu\/novo\/#\/schema\/logo\/image\/"},"sameAs":["https:\/\/www.facebook.com\/kicgospic\/"]}]}},"_links":{"self":[{"href":"https:\/\/kic-gospic.eu\/novo\/wp-json\/wp\/v2\/pages\/27"}],"collection":[{"href":"https:\/\/kic-gospic.eu\/novo\/wp-json\/wp\/v2\/pages"}],"about":[{"href":"https:\/\/kic-gospic.eu\/novo\/wp-json\/wp\/v2\/types\/page"}],"author":[{"embeddable":true,"href":"https:\/\/kic-gospic.eu\/novo\/wp-json\/wp\/v2\/users\/2"}],"replies":[{"embeddable":true,"href":"https:\/\/kic-gospic.eu\/novo\/wp-json\/wp\/v2\/comments?post=27"}],"version-history":[{"count":4,"href":"https:\/\/kic-gospic.eu\/novo\/wp-json\/wp\/v2\/pages\/27\/revisions"}],"predecessor-version":[{"id":17335,"href":"https:\/\/kic-gospic.eu\/novo\/wp-json\/wp\/v2\/pages\/27\/revisions\/17335"}],"up":[{"embeddable":true,"href":"https:\/\/kic-gospic.eu\/novo\/wp-json\/wp\/v2\/pages\/22"}],"wp:attachment":[{"href":"https:\/\/kic-gospic.eu\/novo\/wp-json\/wp\/v2\/media?parent=27"}],"curies":[{"name":"wp","href":"https:\/\/api.w.org\/{rel}","templated":true}]}}